 -2)*4 + 25. Let c be g/(-21) - (1 - 4). Suppose 2*y - 68 = 2*n + 14, -4*n + 106 = c*y. What is the greatest common factor of y and 90?
45
Suppose 20*y + 259 = 21*y. Suppose 0 = -z + 3*x + y, 4*z - 2*x - 1645 = -649. Calculate the highest common factor of 26 and z.
13
Let d = 15572 - 8417. What is the greatest common divisor of 106 and d?
53
Suppose 34*v - 335 = 311. What is the greatest common divisor of v and 18715?
19
Let f be 1 + ((-7)/(-3))/(2/6). Suppose 4*b = -3*l + 155, f*b + 47 = l + 7*b. Calculate the greatest common factor of 28 and l.
7
Let h(p) = 34*p - 634. Let i be h(21). Let y = 53 + -37. Calculate the highest common factor of i and y.
16
Let y = 16 + 119. Suppose 3*a = y - 0. What is the greatest common factor of a and 60?
15
Let a be 1*((-21)/9 - 2/(-6)). Let n be ((-27)/a)/(-9)*-22. What is the highest common divisor of n and 3?
3
Let r(i) = 17*i - 19. Suppose 0 = 6*q - 17*q - 3388. Let d be (-32)/(-22) - 168/q. Let u be r(d). What is the highest common factor of u and 135?
15
Suppose 2*z + 3*n = 167 + 106, 2*z - 275 = -n. Calculate the highest common divisor of 1035 and z.
69
Suppose -3*n - 4*v + 38 = -5, -3*v = 2*n - 29. Suppose -2728*b - 397 = -2729*b. Let x = 436 - b. What is the highest common divisor of x and n?
13
Suppose 93*j + 11880 = 63*j. Let h be 120/7 - j/462. What is the greatest common factor of h and 738?
18
Let t(v) = 6*v**3 + 8*v**2 + 14*v - 22. Let d be t(1). What is the highest common divisor of 304 and d?
2
Let x(c) = -32*c - 10. Suppose -b - b - 14 = 2*i, -7 = -4*i + 3*b. Let l be x(i). What is the highest common divisor of l and 27?
27
Suppose -2*y - y = -45. Suppose y*z - 13*z = 10. Suppose 24 + 21 = z*c. What is the greatest common factor of 99 and c?
9
Let t be (-72 - 640)*(-3)/2. Suppose 3*i - 36 = k, 0*k - 2*k + 60 = 5*i. Calculate the highest common factor of t and i.
12
Let p be ((-5)/4*2)/(2/(-260)). Let g be (-77 + 2/1)/(-3). What is the highest common divisor of p and g?
25
Suppose -4*n + 36 = 4*a, 0 = 21*n - 16*n - 20. Suppose 0*w = w - b - 855, 0 = a*w - 4*b - 4270. Calculate the highest common factor of w and 34.
34
Suppose -3*c + 2*u = -85 + 508, 5*c = 5*u - 700. Let o = 146 + c. Let i(y) = 5*y - 5. Let s be i(4). Calculate the greatest common divisor of s and o.
3
Suppose -167*n + 3819 + 62146 = 0. Calculate the greatest common factor of n and 70.
5
Suppose 4*z + 47 = -5*g - 0*z, 0 = 4*g + 5*z + 43. Let d be (g + 4)/(3/(-4)). Suppose 41 = d*u + 9. What is the greatest common divisor of 8 and u?
8
Suppose 68*l - 170*l + 9184 = -70*l. Calculate the highest common divisor of 656 and l.
41
Let f be (-1230)/(-105) + 4/14. Let l be (203/174 - 2/f) + 61. Calculate the highest common divisor of 93 and l.
31
Let t(h) = 2*h**2 + 79*h - 1029. Let y be t(-50). Calculate the highest common divisor of y and 177.
3
Let l = 123 - 162. Let n be 26/l*((-39)/2 + 0). Let p = 32 + 85. Calculate the greatest common factor of p and n.
13
Let u(l) = l + 25. Let b be u(-11). Let z = -116 + 119. Suppose 0 = -t + z*w + b, 4*w + 7 + 3 = -3*t. What is the greatest common divisor of t and 36?
2
Let x be (-11)/(-5) + 11/(-330)*-24. Calculate the highest common factor of 151 and x.
1
Let t = 3528 - 1980. Let w = t - 1366. Let l be 30/(0 + 2) - 1. What is the highest common factor of l and w?
14
Suppose -179*b + 38369 + 74788 = 118*b. What is the highest common divisor of 39 and b?
3
Suppose 6*u - 18 = -5*w, 3*u = -224*w + 222*w + 3. What is the highest common factor of w and 2276?
4
Let j(t) = 5*t**2 + t**3 - 4 + 0 - 2*t**3. Let a be j(4). Let b = -14331 - -14415. What is the highest common factor of a and b?
12
Let d be (-2151)/(-48) - 21/(-112). What is the highest common factor of d and 40590?
45
Suppose -60 = -2*x - 52, 3592 = 3*t - 2*x. Calculate the greatest common divisor of t and 75.
75
Let i(h) = h**3 + 5*h**2 - 6*h + 1. Let f be (-1)/5 - 29/5. Let n be i(f). What is the greatest common divisor of n and 25?
1
Suppose o = 501*l - 500*l + 1642, 4*o - 2*l = 6570. What is the greatest common divisor of 93 and o?
31
Suppose 0 = 2*g - 53 + 11. Suppose 0 = -75*n + 83*n - 952. Suppose 4*l + p = 923, -3*p = -2*l + n + 346. What is the greatest common divisor of g and l?
21
Let j(m) = 4*m**3 + 12*m**2 - 13*m + 53. Let t be j(3). Calculate the greatest common divisor of t and 7291.
23
Let q(w) = 6*w**2 - 6*w - 2. Let a be q(2). Suppose -a - 315 = -5*f. Let z = -36 + 62. What is the greatest common factor of z and f?
13
Let s be 48/(-20) - -3 - (-9 + (-411)/15). What is the greatest common factor of 3293 and s?
37
Let n(c) = -c**3 - 8*c**2 + 1. Let u be n(-10). Suppose 575 - u = 22*d. What is the highest common factor of 136 and d?
17
Let y = -13968 + 14031. What is the highest common divisor of y and 51345?
63
Let n = -2726 - -2800. Calculate the highest common divisor of 1073 and n.
37
Let b be (2*(-638)/(-8))/(5/(-10)). Let u = b - -383. What is the greatest common factor of 512 and u?
64
Let p(h) = -5*h**2 - 4*h + 5. Let f be p(2). Let z = f - -29. Suppose -270 = -z*i + i. Calculate the greatest common divisor of i and 27.
27
Suppose 5*z + 822 - 2072 = 0. Let c(n) = -58*n + 996. Let i be c(17). What is the greatest common divisor of z and i?
10
Suppose q + 112*f - 117*f - 457 = 0, -2*q + 2*f = -850. Calculate the highest common divisor of 9313 and q.
139
Suppose 17*c = 23*c. Suppose -4*u - 3*z - z + 164 = c, 0 = -u - 2*z + 43. Calculate the highest common factor of 91 and u.
13
Let o be -1 - ((-54540)/35 - (-6)/21). Let a be o/45 + (-2)/(-5) + 0. Calculate the highest common divisor of 5 and a.
5
Let x be 5 - ((-2)/(12/(-18)) + -8). Suppose -q = -2*c - 21, 20*c + x = 18*c. What is the highest common factor of q and 55?
11
Let x = -7 - -10. Suppose 31 = -5*o - 3*q, 3*q + 30 = -4*o + 4. Let y be 2/o - (-434)/35. What is the highest common factor of x and y?
3
Let g = 409 + -59. Let z(x) = x**2 + 54*x - 5033. Let n be z(49). Calculate the highest common divisor of n and g.
14
Suppose -3*q - 2 = -w, 5*w + 9 = -3*q - q. Let h be 72/36 - (w - (0 + 3)). What is the highest common factor of 114 and h?
6
Let l(j) = j**2 - 6*j - 5. Let w be l(6). Let z(a) = -3*a**2 - 8*a + 4. Let v be z(w). Let h = -18 - v. What is the highest common divisor of 39 and h?
13
Suppose -5*q + 625 = -5*t, 180*t = 4*q + 186*t - 510. Let z be (-2)/(3/((-126)/4)). What is the greatest common divisor of z and q?
21
Let u(k) = 2*k**2 + 32*k - 495. Let v be u(30). Calculate the highest common divisor of v and 15.
15
Let o be (2/(-6))/(54/810). Let r be o/((-2 - -1)/(8 + 15)). Calculate the greatest common divisor of r and 5.
5
Let s(y) = -4324*y - 11776. Let g be s(-5). Calculate the greatest common divisor of g and 92.
92
Suppose q - 5*n - 446 = 0, -17*n + 1442 = 3*q - 19*n. Calculate the highest common divisor of q and 7938.
162
Suppose 0 = g - 100 + 60. Let l(v) = v**3 - 15*v**2 + 46*v + 44. Let t be l(10). Calculate the highest common divisor of t and g.
4
Let q = -5708 - -5714. Calculate the highest common factor of q and 134.
2
Suppose 7*b = 8*b - 1, 3*j - 41 = -5*b. What is the highest common divisor of 25968 and j?
12
Let d(k) = 3*k + 15. Suppose -4*c - 16 = 4*c. Let i be d(c). Suppose -i*t - 164 = -983. What is the highest common divisor of t and 7?
7
Suppose -338*j = -368*j + 270. Calculate the highest common divisor of 3123 and j.
9
Suppose 0 = 5*b + 3*y - 7289, -3*b = -7*b - 2*y + 5830. What is the greatest common factor of 273 and b?
91
Let q be (-53)/(-2 - (-3 + 2)) + -1242 + 1251. Calculate the highest common divisor of 6696 and q.
62
Let o be (-148)/(-6) - (-4)/(-6). Let m(z) = z**2 - 12*z - 1. Let h be m(14). Let c = h + -25. What is the greatest common divisor of o and c?
2
Suppose 0 = -5*k + 1775 - 620. Suppose -14*n - 59 = -983. What is the greatest common divisor of n and k?
33
Let z = -385 + 454. Let q be (-52)/117 + 58/9. What is the greatest common factor of q and z?
3
Let k(r) = r**2 - 13*r - 42. Let j be k(-3). Suppose 50*n = 52*n - j. What is the greatest common factor of 6 and n?
3
Suppose 0 = -2*t + 3*t - 168. Suppose 98*w + t = 101*w. Let j = -8 - -16. What is the highest common factor of w and j?
8
Let j be (((-1)/(-2))/(24/(-3048)))/((-1)/26). What is the greatest common factor of j and 127?
127
Let m(w) = -21*w**3 + w